{"id":36,"date":"2020-03-27T15:52:44","date_gmt":"2020-03-27T15:52:44","guid":{"rendered":"http:\/\/www.giellepipharma.it\/staging\/?page_id=36"},"modified":"2023-02-23T12:30:35","modified_gmt":"2023-02-23T12:30:35","slug":"home","status":"publish","type":"page","link":"http:\/\/www.giellepipharma.it\/staging\/","title":{"rendered":"home"},"content":{"rendered":"\n<div style=\"height:20px\" aria-hidden=\"true\" class=\"wp-block-spacer\"><\/div>\n\n\n\n<div class=\"wp-block-columns alignwide is-layout-flex wp-container-core-columns-is-layout-d0b3c9c8 wp-block-columns-is-layout-flex\">\n<div class=\"wp-block-column is-vertically-aligned-center is-layout-flow wp-block-column-is-layout-flow\" style=\"--col-width:60%;flex-basis:60%\">\n<figure class=\"wp-block-image alignfull size-full\"><img loading=\"lazy\" decoding=\"async\" width=\"640\" height=\"360\" src=\"http:\/\/www.giellepipharma.it\/staging\/wp-content\/uploads\/2020\/05\/21-640x360a-96mb-273mb.gif\" alt=\"\" class=\"wp-image-945\"\/><\/figure>\n<\/div>\n\n\n\n<div class=\"wp-block-column is-vertically-aligned-center is-layout-flow wp-block-column-is-layout-flow\" style=\"--col-width:20%;flex-basis:20%\">\n<div class=\"wp-block-button\"><a href=\"?page_id=489\/\" class=\"wp-block-button__link has-text-color has-primary-color has-background\" style=\"background-color:#e9ad15; width: 100%;text-align: left;\">Intermedi di Sintesi<\/a><\/div>\n\n\n\n<div class=\"wp-block-button has-large-font-size\"><a class=\"wp-block-button__link has-text-color has-primary-color has-background no-border-radius\" href=\"?page_id=462\" style=\"background: #e9ad15;\nwidth: 100%;text-align: left;\">Principi Attivi<\/a><\/div>\n\n\n\n<div class=\"wp-block-button\"><a class=\"wp-block-button__link has-text-color has-primary-color has-background\" href=\"?page_id=508\" style=\"background-color:#7fa300; width: 100%;text-align: left;\">Veterinaria<\/a><\/div>\n\n\n\n<div class=\"wp-block-button\"><a class=\"wp-block-button__link has-text-color has-primary-color has-background no-border-radius\" href=\"?page_id=748\" style=\"background-color:#00a390; width: 100%;text-align: left;\">Dossier<\/a><\/div>\n\n\n\n<div class=\"wp-block-button\"><a class=\"wp-block-button__link has-text-color has-primary-color has-background no-border-radius\" href=\"?page_id=344\" style=\"background-color:#00a390; width: 100%;text-align: left;\">Consulenza e servizi<\/a><\/div>\n<\/div>\n\n\n\n<div class=\"wp-block-column is-vertically-aligned-center is-layout-flow wp-block-column-is-layout-flow\" style=\"--col-width:20%;flex-basis:20%\">\n\n\n\n<p><\/p>\n<\/div>\n<\/div>\n\n\n\n<div class=\"wp-block-group alignwide\"><div class=\"wp-block-group__inner-container is-layout-flow wp-block-group-is-layout-flow\">\n<p class=\"has-text-align-left has-large-font-size\">Giellepi Pharmaceutical offre servizi di distribuzione in esclusiva di:<\/p>\n\n\n\n<div class=\"wp-block-columns are-vertically-aligned-center is-layout-flex wp-container-core-columns-is-layout-d0b3c9c8 wp-block-columns-is-layout-flex\">\n<div class=\"wp-block-column is-vertically-aligned-center is-layout-flow wp-block-column-is-layout-flow\" style=\"--col-width:30%;flex-basis:30%\">\n<figure class=\"wp-block-image alignwide size-large\"><img decoding=\"async\" src=\"wp-content\/uploads\/2020\/04\/01-formula-.png\" alt=\"\" class=\"wp-image-59\" style=\"background-color: rgba(255,255,255, 0.4);\"><\/figure>\n<\/div>\n\n\n\n<div class=\"wp-block-column is-vertically-aligned-center is-layout-flow wp-block-column-is-layout-flow\" style=\"--col-width:66.66%;flex-basis:66.66%\">\n<p class=\"has-large-font-size\"><strong><a href=\"?page_id=489\" data-type=\"URL\" data-id=\"?page_id=489\">Intermedi di sintesi<\/a><\/strong> <\/p>\n\n\n\n<p class=\"has-large-font-size\"><strong><a href=\"?page_id=462\">Principi attivi farmaceutici<\/a><\/strong><\/p>\n\n\n\n<p class=\"has-large-font-size\"><a href=\"?page_id=508\"><strong>Veterinaria<\/strong><\/a><\/p>\n\n\n\n<p><\/p>\n<\/div>\n<\/div>\n\n\n\n<p class=\"has-large-font-size\">Giellepi Pharmaceutical in questo settore offre inoltre servizi di:<\/p>\n\n\n\n<div class=\"wp-block-columns is-layout-flex wp-container-core-columns-is-layout-d0b3c9c8 wp-block-columns-is-layout-flex\">\n<div class=\"wp-block-column is-layout-flow wp-block-column-is-layout-flow\" style=\"--col-width:30%;flex-basis:30%\">\n<figure class=\"wp-block-image alignwide size-large\"><img decoding=\"async\" src=\"wp-content\/uploads\/2020\/04\/03-intermed.png\" alt=\"\" class=\"wp-image-61\" style=\"background-color: rgba(255,255,255, 0.4)\"><\/figure>\n<\/div>\n\n\n\n<div class=\"wp-block-column is-vertically-aligned-center is-layout-flow wp-block-column-is-layout-flow\" style=\"--col-width:66.66%;flex-basis:66.66%\">\n<p class=\"has-text-align-left has-large-font-size\"><strong><a href=\"?page_id=344\">Intermediazione e consulenza<\/a><\/strong><\/p>\n\n\n\n<p>Sempre nella logica dell&#8217;accelerazione delle decisioni aziendali in materia di la Giellepi Pharmaceuticals \u00e8 il risultato di due decenni di esperienza professionale nei settori farmaceutico e chimico. Grazie all&#8217;esperienza maturata da importanti partnership con primarie aziende chimiche e farmaceutiche italiane e internazionali, Giellepi Pharmaceuticals si pone sul mercato come anello di congiunzione necessario tra il mondo della ricerca e la produzione di prodotti di chimica fine e principi attivi.<\/p>\n<\/div>\n<\/div>\n<\/div><\/div>\n\n\n\n<div class=\"wp-block-columns is-layout-flex wp-container-core-columns-is-layout-d0b3c9c8 wp-block-columns-is-layout-flex\">\n<div class=\"wp-block-column is-layout-flow wp-block-column-is-layout-flow\" style=\"--col-width:30%;flex-basis:30%\">\n<figure class=\"wp-block-image alignwide size-large\"><img decoding=\"async\" src=\"wp-content\/uploads\/2020\/04\/07-rappresentanse.png\" alt=\"\" class=\"wp-image-61\" style=\"background-color: rgba(255,255,255, 0.4);\"><\/figure>\n<\/div>\n\n\n\n<div class=\"wp-block-column is-vertically-aligned-center is-layout-flow wp-block-column-is-layout-flow\" style=\"--col-width:66.66%;flex-basis:66.66%\">\n<p class=\"has-large-font-size\"><strong><a href=\"?page_id=344\">Rappresentanze<\/a><\/strong><\/p>\n\n\n\n<p class=\"has-text-align-left\">Oltre a relazioni pluriennali con societ\u00e0 multinazionali produttrici di intermedi e principi attivi, Giellepi Pharmaceuticals rappresenta alcune aziende riconosciute per la costante qualit\u00e0 dei prodotti e per la ricchezza di gamma.<\/p>\n\n\n\n<p><\/p>\n<\/div>\n<\/div>\n\n\n\n<div class=\"wp-block-columns is-layout-flex wp-container-core-columns-is-layout-d0b3c9c8 wp-block-columns-is-layout-flex\">\n<div class=\"wp-block-column is-layout-flow wp-block-column-is-layout-flow\" style=\"--col-width:30%;flex-basis:30%\">\n<figure class=\"wp-block-image alignwide size-large\"><img decoding=\"async\" src=\"wp-content\/uploads\/2020\/04\/08-partners-.png\" alt=\"\" class=\"wp-image-61\" style=\"background-color: rgba(255,255,255, 0.4);\"><\/figure>\n<\/div>\n\n\n\n<div class=\"wp-block-column is-vertically-aligned-center is-layout-flow wp-block-column-is-layout-flow\" style=\"--col-width:66.66%;flex-basis:66.66%\">\n<p class=\"has-text-align-left has-large-font-size\"><strong><a href=\"?page_id=42\">Partner<\/a><\/strong><\/p>\n\n\n\n<p>Nel settore farmaceutico Giellepi pharmaceuticals offre servizi di distribuzione in esclusiva.<br>\nOffre inoltre servizi di intermediazione e consulenza che comprendono la fornitura di Dossier di registrazione.<\/p>\n<\/div>\n<\/div>\n\n\n\n<div class=\"wp-block-columns is-layout-flex wp-container-core-columns-is-layout-d0b3c9c8 wp-block-columns-is-layout-flex\">\n<div class=\"wp-block-column is-layout-flow wp-block-column-is-layout-flow\" style=\"--col-width:30%;flex-basis:30%\">\n<figure class=\"wp-block-image alignwide size-large\"><img decoding=\"async\" src=\"wp-content\/uploads\/2020\/04\/09-dossier.png\" alt=\"\" class=\"wp-image-61\" style=\"background-color: rgba(255,255,255, 0.4);\"><\/figure>\n<\/div>\n\n\n\n<div class=\"wp-block-column is-vertically-aligned-center is-layout-flow wp-block-column-is-layout-flow\" style=\"--col-width:66.66%;flex-basis:66.66%\">\n<p class=\"has-text-align-left has-large-font-size\"><strong><a href=\"?page_id=748\">Dossier<\/a><\/strong><\/p>\n\n\n\n<p>Sempre nella logica dell&#8217;accelerazione delle decisioni aziendali in materia di lancio di nuovi prodotti, Giellepi Pharmaceuticals \u00e8 in grado di offrire, a condizioni vantaggiose e in modo tempestivo:<br>Dossier di Registrazione e Forme farmaceutiche finite direttamente dalle Societ\u00e0 rappresentate o in partnership, per incrementare possibilit\u00e0 strategiche all&#8217;interno di grandi e piccole societ\u00e0 operanti nel settore.<\/p>\n<\/div>\n<\/div>\n\n\n\n<div class=\"wp-block-columns is-layout-flex wp-container-core-columns-is-layout-d0b3c9c8 wp-block-columns-is-layout-flex\">\n<div class=\"wp-block-column is-layout-flow wp-block-column-is-layout-flow\" style=\"--col-width:30%;flex-basis:30%\">\n<figure class=\"wp-block-image alignwide size-large\"><img decoding=\"async\" src=\"wp-content\/uploads\/2020\/04\/05-forniture-.png\" alt=\"\" class=\"wp-image-61\" style=\"background-color: rgba(255,255,255, 0.4);\"><\/figure>\n<\/div>\n\n\n\n<div class=\"wp-block-column is-vertically-aligned-center is-layout-flow wp-block-column-is-layout-flow\" style=\"--col-width:66.66%;flex-basis:66.66%\">\n<p class=\"has-text-align-left has-large-font-size\"><strong><a href=\"?page_id=344\">Medical Devices<\/a><\/strong><\/p>\n<\/div>\n<\/div>\n\n\n\n<div class=\"wp-block-columns is-layout-flex wp-container-core-columns-is-layout-d0b3c9c8 wp-block-columns-is-layout-flex\">\n<div class=\"wp-block-column is-layout-flow wp-block-column-is-layout-flow\" style=\"--col-width:30%;flex-basis:30%\">\n<figure class=\"wp-block-image alignwide size-large\"><img decoding=\"async\" src=\"wp-content\/uploads\/2020\/04\/06-Internazionale.png\" alt=\"\" class=\"wp-image-61\" style=\"background-color: rgba(255,255,255, 0.4);\"><\/figure>\n<\/div>\n\n\n\n<div class=\"wp-block-column is-vertically-aligned-center is-layout-flow wp-block-column-is-layout-flow\" style=\"--col-width:66.66%;flex-basis:66.66%\">\n<p class=\"has-text-align-left has-large-font-size\"><strong><a href=\"?page_id=42\">Internazionale<\/a><\/strong><\/p>\n\n\n\n<p>Giellepi pharmaceuticals dispone di strutture operative sui mercati indiano e cinese.<br>Tali strutture svolgono attivit\u00e0 di sourcing e auditing di societ\u00e0 produttrici affidabili con elevato livello qualitativo, che riescono a garantire un&#8217;ottima competitivit\u00e0.<\/p>\n\n\n\n<p><\/p>\n<\/div>\n<\/div>\n\n\n\n<p><\/p>\n","protected":false},"excerpt":{"rendered":"<p>Intermedi di Sintesi Principi Attivi Veterinaria Dossier Consulenza e servizi Giellepi Pharmaceutical offre servizi di distribuzione in esclusiva di: Intermedi di sintesi Principi attivi farmaceutici Veterinaria Giellepi Pharmaceutical in questo settore offre inoltre servizi di: Intermediazione e consulenza Sempre nella logica dell&#8217;accelerazione delle decisioni aziendali in materia di la Giellepi Pharmaceuticals \u00e8 il risultato di&hellip;<\/p>\n","protected":false},"author":1,"featured_media":0,"parent":0,"menu_order":0,"comment_status":"closed","ping_status":"closed","template":"templates\/template-full-width.php","meta":{"footnotes":""},"class_list":["post-36","page","type-page","status-publish","hentry"],"jetpack_sharing_enabled":true,"publishpress_future_action":{"enabled":false,"date":"2026-04-11 12:18:51","action":"change-status","newStatus":"draft","terms":[],"taxonomy":"language","extraData":[]},"publishpress_future_workflow_manual_trigger":{"enabledWorkflows":[]},"_links":{"self":[{"href":"http:\/\/www.giellepipharma.it\/staging\/index.php?rest_route=\/wp\/v2\/pages\/36","targetHints":{"allow":["GET"]}}],"collection":[{"href":"http:\/\/www.giellepipharma.it\/staging\/index.php?rest_route=\/wp\/v2\/pages"}],"about":[{"href":"http:\/\/www.giellepipharma.it\/staging\/index.php?rest_route=\/wp\/v2\/types\/page"}],"author":[{"embeddable":true,"href":"http:\/\/www.giellepipharma.it\/staging\/index.php?rest_route=\/wp\/v2\/users\/1"}],"replies":[{"embeddable":true,"href":"http:\/\/www.giellepipharma.it\/staging\/index.php?rest_route=%2Fwp%2Fv2%2Fcomments&post=36"}],"version-history":[{"count":275,"href":"http:\/\/www.giellepipharma.it\/staging\/index.php?rest_route=\/wp\/v2\/pages\/36\/revisions"}],"predecessor-version":[{"id":1227,"href":"http:\/\/www.giellepipharma.it\/staging\/index.php?rest_route=\/wp\/v2\/pages\/36\/revisions\/1227"}],"wp:attachment":[{"href":"http:\/\/www.giellepipharma.it\/staging\/index.php?rest_route=%2Fwp%2Fv2%2Fmedia&parent=36"}],"curies":[{"name":"wp","href":"https:\/\/api.w.org\/{rel}","templated":true}]}}