{"id":748,"date":"2020-04-02T13:01:56","date_gmt":"2020-04-02T13:01:56","guid":{"rendered":"http:\/\/www.giellepipharma.it\/staging\/?page_id=748"},"modified":"2020-09-22T10:55:17","modified_gmt":"2020-09-22T10:55:17","slug":"dossier","status":"publish","type":"page","link":"http:\/\/www.giellepipharma.it\/staging\/?page_id=748","title":{"rendered":"dossier"},"content":{"rendered":"\n<h5 class=\"wp-block-heading\"><strong><span style=\"text-decoration: underline;\">Prodotti Sviluppati<\/span><\/strong><\/h5>\n\n\n\n<p><strong>Metaraminolo<\/strong>, fiala da 10mg\/ml<br>Il metaraminolo \u00e8 il principio attivo di un farmaco vasopressore noto commercialmente<br>come Aramin. Questo farmaco iniettabile \u00e8 indicato per il caso di bassa pressione<br>sanguigna (ipotensione) poich\u00e9 la sua azione comprime i vasi periferici, causando un<br>aumento della gittata cardiaca.<\/p>\n\n\n\n<div class=\"wp-block-file aligncenter\"><a href=\"http:\/\/www.giellepipharma.it\/staging\/wp-content\/uploads\/2020\/09\/Metaraminolo-scheda-tecnica.pdf\"><img loading=\"lazy\" decoding=\"async\" width=\"30\" height=\"37\" class=\"wp-image-1052\" style=\"width: 30px;\" src=\"http:\/\/www.giellepipharma.it\/staging\/wp-content\/uploads\/2020\/09\/pdf-1.png\" alt=\"\"> Metaraminolo-scheda-tecnica<\/a><a href=\"http:\/\/www.giellepipharma.it\/staging\/wp-content\/uploads\/2020\/09\/Metaraminolo-scheda-tecnica.pdf\" class=\"wp-block-file__button\" download>Download<\/a><\/div>\n\n\n\n<p><\/p>\n\n\n\n<p><strong>Controcyst<\/strong><br>Sviluppato in collaborazione con la societ\u00e0 partner Alfakjn, il Controcyst \u00e8 un medical<br>device di classe IIA utilizzato nel trattamento della sindrome del dolore pelvico (cistite<br>interstiziale).<\/p>\n\n\n\n<p><\/p>\n\n\n\n<p><strong>Vetaderkjn<\/strong><br>Vetaderkjn \u00e8 consigliato nel trattamento delle lesioni dermatologiche del cavallo, del cane<br>e del gatto. Protegge l\u2019area lesionata e favorisce il naturale processo di guarigione di ferite,<br>ulcere e piaghe.<\/p>\n\n\n\n<h5 class=\"wp-block-heading\"><span style=\"text-decoration: underline;\">Prodotti in corso di sviluppo<\/span><\/h5>\n\n\n\n<p><strong>Edrofonio<\/strong>:<br>L&#8217;edrofonio \u00e8 un anticolinesterasico a breve durata d&#8217;azione. Viene usato soprattutto a<br>scopo di diagnosi della miastenia grave, ma l&#8217;effetto non si verifica quando la debolezza<br>muscolare \u00e8 dovuta ad altre cause.<\/p>\n","protected":false},"excerpt":{"rendered":"<p>Prodotti Sviluppati Metaraminolo, fiala da 10mg\/mlIl metaraminolo \u00e8 il principio attivo di un farmaco vasopressore noto commercialmentecome Aramin. Questo farmaco iniettabile \u00e8 indicato per il caso di bassa pressionesanguigna (ipotensione) poich\u00e9 la sua azione comprime i vasi periferici, causando unaumento della gittata cardiaca. ControcystSviluppato in collaborazione con la societ\u00e0 partner Alfakjn, il Controcyst \u00e8 un&hellip;<\/p>\n","protected":false},"author":1,"featured_media":0,"parent":344,"menu_order":0,"comment_status":"closed","ping_status":"closed","template":"templates\/template-full-width.php","meta":{"footnotes":""},"class_list":["post-748","page","type-page","status-publish","hentry"],"jetpack_sharing_enabled":true,"publishpress_future_action":{"enabled":false,"date":"2026-04-13 11:40:34","action":"change-status","newStatus":"draft","terms":[],"taxonomy":"language","extraData":[]},"publishpress_future_workflow_manual_trigger":{"enabledWorkflows":[]},"_links":{"self":[{"href":"http:\/\/www.giellepipharma.it\/staging\/index.php?rest_route=\/wp\/v2\/pages\/748","targetHints":{"allow":["GET"]}}],"collection":[{"href":"http:\/\/www.giellepipharma.it\/staging\/index.php?rest_route=\/wp\/v2\/pages"}],"about":[{"href":"http:\/\/www.giellepipharma.it\/staging\/index.php?rest_route=\/wp\/v2\/types\/page"}],"author":[{"embeddable":true,"href":"http:\/\/www.giellepipharma.it\/staging\/index.php?rest_route=\/wp\/v2\/users\/1"}],"replies":[{"embeddable":true,"href":"http:\/\/www.giellepipharma.it\/staging\/index.php?rest_route=%2Fwp%2Fv2%2Fcomments&post=748"}],"version-history":[{"count":8,"href":"http:\/\/www.giellepipharma.it\/staging\/index.php?rest_route=\/wp\/v2\/pages\/748\/revisions"}],"predecessor-version":[{"id":1056,"href":"http:\/\/www.giellepipharma.it\/staging\/index.php?rest_route=\/wp\/v2\/pages\/748\/revisions\/1056"}],"up":[{"embeddable":true,"href":"http:\/\/www.giellepipharma.it\/staging\/index.php?rest_route=\/wp\/v2\/pages\/344"}],"wp:attachment":[{"href":"http:\/\/www.giellepipharma.it\/staging\/index.php?rest_route=%2Fwp%2Fv2%2Fmedia&parent=748"}],"curies":[{"name":"wp","href":"https:\/\/api.w.org\/{rel}","templated":true}]}}